020865?
True
Is 571 a factor of 10152380?
True
Is 248909 a multiple of 37?
False
Is 3828600 a multiple of 225?
True
Is 6 a factor of 2071518?
True
Is 113 a factor of 6925?
False
Is 302 a factor of 58588?
True
Is 139879 a multiple of 43?
True
Is 77 a factor of 71148?
True
Is 214 a factor of 5786346?
True
Is 248052 a multiple of 7?
True
Is 14 a factor of 16092440?
True
Does 111 divide 171549?
False
Does 22 divide 3879810?
True
Is 133 a factor of 199367?
True
Is 37 a factor of 3279014?
True
Does 16 divide 287390?
False
Does 602 divide 11131783?
False
Is 83 a factor of 30959?
True
Is 118 a factor of 2123764?
True
Does 45 divide 525780?
True
Is 433 a factor of 1743691?
True
Is 1525895 a multiple of 7?
True
Does 32 divide 92026?
False
Is 42831 a multiple of 4?
False
Does 110 divide 203086?
False
Is 12 a factor of 326483?
False
Is 177062 a multiple of 397?
True
Is 2870 a multiple of 41?
True
Does 59 divide 4050409?
True
Is 212 a factor of 359976?
True
Does 89 divide 656407?
False
Is 1936350 a multiple of 390?
True
Does 270 divide 28620?
True
Does 28 divide 21364?
True
Does 1269 divide 11037762?
True
Is 5462334 a multiple of 34?
False
Is 831 a factor of 4552724?
False
Does 5 divide 28986?
False
Is 417844 a multiple of 4?
True
Does 6 divide 14538?
True
Is 219 a factor of 6233397?
True
Is 962076 a multiple of 41?
False
Does 4 divide 100088?
True
Is 30 a factor of 384210?
True
Does 19 divide 102486?
True
Is 1553 a multiple of 3?
False
Does 794 divide 1510982?
True
Is 17 a factor of 24958579?
False
Is 2212160 a multiple of 124?
True
Is 6 a factor of 1401516?
True
Does 15 divide 78885?
True
Is 1074 a factor of 3441096?
True
Does 20 divide 955025?
False
Is 13322756 a multiple of 388?
True
Is 90 a multiple of 45?
True
Is 21 a factor of 639030?
True
Is 118650 a multiple of 325?
False
Is 52 a factor of 12902?
False
Is 105 a factor of 12962565?
True
Is 10 a factor of 110150?
True
Is 59 a factor of 717539?
False
Is 566 a factor of 289226?
True
Is 322 a factor of 465290?
True
Is 832288 a multiple of 31?
True
Is 589 a factor of 356934?
True
Does 32 divide 2200321?
False
Does 16 divide 13491?
False
Does 7 divide 434947?
False
Is 16 a factor of 967339?
False
Is 26 a factor of 354198?
True
Does 37 divide 1776542?
False
Is 22 a factor of 268744?
False
Is 106 a factor of 2226978?
False
Is 397135 a multiple of 2?
False
Does 12 divide 441036?
True
Does 15 divide 686170?
False
Is 61773 a multiple of 59?
True
Is 263024 a multiple of 272?
True
Is 59 a factor of 8957026?
True
Is 9 a factor of 13220?
False
Is 114 a factor of 468882?
True
Does 198 divide 2011086?
True
Is 208767 a multiple of 96?
False
Is 15 a factor of 334350?
True
Is 2910682 a multiple of 68?
False
Is 3980567 a multiple of 17?
True
Is 410088 a multiple of 319?
False
Is 2345220 a multiple of 27?
True
Is 462 a factor of 1697388?
True
Is 49 a factor of 196783?
False
Is 2829281 a multiple of 271?
False
Is 225 a factor of 523575?
True
Is 4 a factor of 641264?
True
Is 289030 a multiple of 40?
False
Is 376656 a multiple of 101?
False
Is 10 a factor of 54721?
False
Is 5900961 a multiple of 20?
False
Does 91 divide 4270609?
False
Is 5137152 a multiple of 15?
False
Is 413 a factor of 95729?
False
Is 1184085 a multiple of 15?
True
Does 13 divide 17472063?
False
Does 4 divide 2728814?
False
Is 635094 a multiple of 12?
False
Is 24 a factor of 3942067?
False
Is 42 a factor of 426426?
True
Does 30 divide 1360050?
True
Does 286 divide 807092?
True
Is 414 a factor of 1308654?
True
Does 19 divide 379975?
False
Is 766 a factor of 5078705?
False
Is 50 a factor of 9248150?
True
Does 22 divide 4224605?
False
Does 524 divide 13925776?
False
Is 27771 a multiple of 123?
False
Is 300 a factor of 142800?
True
Is 8 a factor of 5296?
True
Does 123 divide 1281255?
False
Does 9 divide 409114?
False
Does 42 divide 1865420?
False
Is 96 a factor of 9118630?
False
Is 10 a factor of 278383?
False
Is 10 a factor of 470360?
True
Is 761553 a multiple of 17?
False
Is 1999060 a multiple of 218?
True
Is 126645 a multiple of 5?
True
Is 81 a factor of 2302425?
True
Is 29 a factor of 81635?
True
Does 182 divide 33124?
True
Is 7 a factor of 2581250?
True
Is 17 a factor of 62441?
True
Does 51 divide 149073?
True
Does 982 divide 14893994?
True
Is 270 a factor of 73710?
True
Is 556280 a multiple of 49?
False
Is 14 a factor of 296492?
True
Does 44 divide 134776?
False
Does 5 divide 75725?
True
Does 297 divide 3576532?
False
Does 82 divide 20160110?
True
Does 45 divide 220429?
False
Does 14 divide 16757860?
True
Is 118 a factor of 90860?
True
Is 148 a factor of 103844?
False
Does 562 divide 16825884?
False
Does 332 divide 3902328?
True
Does 598 divide 12439642?
False
Is 608772 a multiple of 12?
True
Is 68411 a multiple of 5?
False
Is 31 a factor of 2866002?
False
Is 574885 a multiple of 227?
False
Is 138 a factor of 824478?
False
Does 24 divide 1504920?
True
Is 116 a factor of 114492?
True
Does 18 divide 6859908?
True
Is 734280 a multiple of 1160?
True
Is 5 a factor of 15044?
False
Is 138 a factor of 568601?
False
Is 43 a factor of 827586?
False
Is 11 a factor of 182897?
True
Is 324049 a multiple of 19?
False
Is 3 a factor of 167919?
True
Is 932789 a multiple of 143?
True
Does 146 divide 139357?
False
Is 2327980 a multiple of 697?
True
Is 30399 a multiple of 78?
False
Is 97 a factor of 190737?
False
Is 8 a factor of 34070?
False
Is 20 a factor of 20031?
False
Is 653817 a multiple of 47?
True
Is 25135 a multiple of 416?
False
Is 36 a factor of 1200?
False
Does 44 divide 49905?
False
Is 1532996 a multiple of 38?
True
Is 554190 a multiple of 195?
True
Is 390920 a multiple of 15?
False
Is 3710643 a multiple of 306?
False
Is 28 a factor of 124180?
True
Is 25 a factor of 527615?
False
Is 5 a factor of 66815?
True
Is 15893268 a multiple of 219?
True
Is 13 a factor of 591370?
True
Is 510 a factor of 401967?
False
Does 20 divide 415780?
True
Is 61988 a multiple of 70?
False
Does 12 divide 285636?
True
Is 42 a factor of 386352?
False
Is 454694 a multiple of 12?
False
Does 1746 divide 4160718?
True
Does 721 divide 3685752?
True
Is 116495 a multiple of 115?
True
Is 60264 a multiple of 24?
True
Does 9 divide 653388?
False
Does 8 divide 668369?
False
Is 1883304 a multiple of 36?
True
Is 11 a factor of 3063470?
False
Is 23580 a multiple of 31?
False
Does 1026 divide 13948457?
False
Is 139243 a multiple of 63?
False
Does 188 divide 4235828?
True
Does 20 divide 38472?
False
Does 15 divide 11803532?
False
Is 184 a factor of 10067376?
True
Does 8 divide 97522?
False
Is 150 a factor of 90428?
False
Is 1340540 a multiple of 43?
False
Is 159 a factor of 14709923?
False
Is 35 a factor of 52115?
True
Is 132795 a multiple of 45?
True
Is 2 a factor of 1562427?
False
Does 232 divide 97546?
False
Is 164 a factor of 581380?
True
Does 38 divide 232522?
True
Does 30 divide 2481870?
True
Is 212828 a multiple of 32?
False
Is 1576066 a multiple of 114?
False
Is 212990 a multiple of 118?
True
Does 138 divide 3880146?
True
Is 9673642 a multiple of 11?
True
Does 462 divide 237310?
False
Is 649463 a multiple of 99?
False
Does 34 divide 63376?
True
Is 10249701 a multiple of 29?
False
Is 331060 a multiple of 4?
True
Does 62 divide 68315?
False
Is 198584 a multiple of 482?
True
Is 3600677 a multiple of 352?
False
Is 43 a factor of 45236?
True
Does 373 divide 73854?
True
Is 41 a factor of 25051?
True
Does 671 divide 970230?
False
Does 14 divide 478971?
False
Is 38 a factor of 801634?
False
Does 189 divide 1034964?
True
Is 7 a factor of 44303?
True
Does 444 divide 219780?
True
Is 538435 a multiple of 17?
False
Is 12 a factor of 12054408?
True
Is 61068 a multiple of 174?
False
Is 51026 a multiple of 62?
True
Does 11 divide 146861?
True
Is 65 a factor of 135806?
False
Is 188324 a multiple of 92?
True
Is 740752 a multiple of 16?
True
Is 4169516 a multiple of 12?
False
Is 4 a factor of 6464514?
False
Does 93 divide 77190?
True
Is 973 a factor of 4227685?
True
Is 31548 a multiple of 33?
True
Is 270 a factor of 670140?
True
Does 134 divide 1098934?
True
Does 246 divide 597859?
False
Is 415 a factor of 6770791?
False
Is 360 a factor of 11193120?
True
Is 68 a factor of 6142100?
True
Does 8 divide 54152?
True
Is 176222 even?
True
Is 11 a factor of 40513?
True
Is 28 a factor of 132524?
True
Does 44 divide 